 composite?
True
Is 1495510073 composite?
True
Is 69271488809 a composite number?
False
Is 355079801 a prime number?
True
Is 51142852793 prime?
True
Is 166624147 prime?
True
Is 100424556047 composite?
False
Is 34018250297 a prime number?
True
Is 118748947 a composite number?
True
Is 79160801389 a composite number?
False
Is 138694139 composite?
False
Is 1738179143 prime?
False
Is 925544261 composite?
True
Is 27888556081 a composite number?
False
Is 20799385121 a composite number?
False
Is 35097629857 prime?
True
Is 7024850353 composite?
False
Is 20958369251 composite?
True
Is 768756409 composite?
False
Is 7558862315 a prime number?
False
Is 495002773 a composite number?
False
Is 195469363 a prime number?
True
Is 2866165331 a composite number?
False
Is 27186990973 composite?
True
Is 1416498313 prime?
False
Is 15387604607 a composite number?
True
Is 28271338799 prime?
False
Is 89401285549 a composite number?
False
Is 2154704681 a composite number?
False
Is 42239391841 a composite number?
True
Is 22516695683 a prime number?
True
Is 10368990689 a composite number?
True
Is 45190178497 a composite number?
False
Is 146840092931 composite?
True
Is 261793529 a prime number?
False
Is 2040642561 prime?
False
Is 5812259231 a prime number?
False
Is 41209649371 composite?
True
Is 92615583127 a composite number?
False
Is 237884573 composite?
False
Is 4817298859 composite?
True
Is 5656376941 a composite number?
True
Is 154564136627 composite?
False
Is 103417214 a composite number?
True
Is 74511514145 a composite number?
True
Is 32753603 a prime number?
False
Is 235416227 a prime number?
False
Is 2981315893 prime?
True
Is 19963519869 composite?
True
Is 6372417757 composite?
False
Is 24693202601 prime?
True
Is 276040157 prime?
False
Is 7613521831 prime?
True
Is 15083564917 a prime number?
False
Is 6323607289 a prime number?
True
Is 752348551 a prime number?
False
Is 1437187519 a prime number?
True
Is 1663488443 composite?
False
Is 40364405143 composite?
True
Is 300175441 a prime number?
True
Is 1380014231 a prime number?
True
Is 7091567839 a composite number?
False
Is 174818807133 a composite number?
True
Is 246034606 prime?
False
Is 206874009517 a prime number?
False
Is 4180270901 a prime number?
False
Is 2819558821 prime?
True
Is 16873069831 prime?
True
Is 52900831 a composite number?
True
Is 515875453 prime?
False
Is 237239870927 prime?
True
Is 854873291 a prime number?
True
Is 288923879237 a prime number?
False
Is 20902554671 composite?
False
Is 3905168353 a composite number?
False
Is 3590766206 a composite number?
True
Is 5702993357 a prime number?
True
Is 2564695073 a composite number?
False
Is 45079499 prime?
True
Is 4828039129 a composite number?
False
Is 108049603721 prime?
True
Is 2675799839 a prime number?
True
Is 390247697 composite?
True
Is 1283870701 a prime number?
True
Is 26373961181 prime?
False
Is 27312038423 a composite number?
False
Is 3725729531 a prime number?
False
Is 21257800621 composite?
False
Is 5181946247 composite?
True
Is 2135177971 a composite number?
True
Is 48562603301 a composite number?
False
Is 2192026069 composite?
True
Is 720833473 a composite number?
True
Is 428754709 a prime number?
True
Is 957281929 prime?
True
Is 777859847 a composite number?
False
Is 42884440349 a prime number?
True
Is 1697180077 a composite number?
False
Is 979810471 a composite number?
False
Is 2141734123 a composite number?
False
Is 1966678853 a prime number?
False
Is 1639656427 prime?
True
Is 1520336047 a prime number?
False
Is 262718913 composite?
True
Is 1593723679 a prime number?
False
Is 37374596863 prime?
True
Is 1105096687 composite?
True
Is 1607985403 composite?
False
Is 24598189157 prime?
False
Is 252839597 a prime number?
False
Is 1641203173 a prime number?
True
Is 306922349 a prime number?
True
Is 42603314387 composite?
True
Is 1844675257 a composite number?
False
Is 6407286913 composite?
True
Is 3772071067 composite?
True
Is 1582044521 prime?
False
Is 8242183 prime?
True
Is 171264113 composite?
False
Is 1662401507 prime?
False
Is 11479880831 prime?
False
Is 1104967951 prime?
False
Is 8454046253 a prime number?
True
Is 897433753 a composite number?
False
Is 96255929173 a prime number?
False
Is 3925417547 prime?
True
Is 1956291511 a prime number?
True
Is 2977705219 a composite number?
True
Is 2941540351 a prime number?
True
Is 72469841 a composite number?
True
Is 8831281279 a composite number?
True
Is 85799398639 a prime number?
False
Is 2902602629 prime?
True
Is 883364983 a composite number?
False
Is 468262981 prime?
False
Is 6003030893 a prime number?
True
Is 5474836177 a composite number?
True
Is 701750891 prime?
False
Is 9600438257 composite?
True
Is 27927071 prime?
False
Is 23536335631 prime?
False
Is 1653025274 composite?
True
Is 599913851 composite?
False
Is 45160205887 a composite number?
True
Is 6219538309 a prime number?
False
Is 24605625673 composite?
False
Is 182749171393 a prime number?
True
Is 491444391 a composite number?
True
Is 960149309 a prime number?
False
Is 4207544161 a prime number?
False
Is 1374029103 a prime number?
False
Is 1012649173 composite?
True
Is 1302944003 prime?
True
Is 83183171 a composite number?
False
Is 5463677809 a prime number?
True
Is 8409909113 a prime number?
True
Is 27922036577 a prime number?
False
Is 731522731 composite?
False
Is 1301881967 a composite number?
False
Is 8960618551 a prime number?
True
Is 229708966 prime?
False
Is 450165431 a prime number?
True
Is 92496847 prime?
False
Is 56450315263 composite?
False
Is 89923187 a prime number?
False
Is 144572912647 a prime number?
True
Is 313520877899 composite?
False
Is 2035301263 a prime number?
False
Is 2739911507 a composite number?
False
Is 833315363 composite?
False
Is 7440191671 a composite number?
True
Is 385366939 a composite number?
False
Is 2084817829 a prime number?
False
Is 2489606557 composite?
True
Is 16698220031 composite?
True
Is 177575561 composite?
False
Is 46362746267 composite?
True
Is 200854500131 prime?
True
Is 2153141657 composite?
True
Is 46075818739 a prime number?
True
Is 693575627 composite?
True
Is 4304046463 composite?
True
Is 907160945 a composite number?
True
Is 1422147407 composite?
False
Is 477969548317 prime?
True
Is 5603671091 prime?
True
Is 1197899249 composite?
False
Is 754646519 a composite number?
True
Is 68188153103 composite?
True
Is 288754706219 prime?
False
Is 49938027127 composite?
True
Is 923213807 a composite number?
False
Is 280558249 composite?
True
Is 6851708593 prime?
True
Is 90539712491 a prime number?
True
Is 35933363387 a prime number?
False
Is 22141705549 composite?
False
Is 3949663 composite?
True
Is 3805675799 a prime number?
False
Is 378581363 composite?
False
Is 4266630881 composite?
False
Is 57416668477 composite?
True
Is 754198909 prime?
True
Is 19813372523 a composite number?
True
Is 2924799557 composite?
False
Is 66984688601 a composite number?
True
Is 1003618877 prime?
True
Is 18601964861 a prime number?
True
Is 1391413249 composite?
False
Is 1935359593 a composite number?
True
Is 5629332623 prime?
True
Is 4784384321 a prime number?
True
Is 1397699291 prime?
True
Is 1497570593 prime?
False
Is 1550113031 prime?
True
Is 3467106431 prime?
False
Is 930790087 a composite number?
True
Is 35752579979 prime?
False
Is 216836437 a composite number?
False
Is 5262243433 composite?
False
Is 28064338103 a prime number?
False
Is 15771019739 a prime number?
True
Is 1194070571 a composite number?
False
Is 8900394749 a composite number?
False
Is 62822826403 a composite number?
True
Is 95762613119 prime?
False
Is 2982695267 a composite number?
False
Is 31172692831 a prime number?
False
Is 38266249019 a composite number?
False
Is 856318369 composite?
False
Is 40910543 a prime number?
False
Is 2847436129 a composite number?
True
Is 6499230809 a prime number?
True
Is 7611040991 a composite number?
True
Is 5473617346 a composite number?
True
Is 70852118 a composite number?
True
Is 713563417 composite?
True
Is 20993896367 prime?
True
Is 8844048209 a prime number?
True
Is 277299791 a prime number?
True
Is 188336163413 a composite number?
False
Is 3978388231 composite?
True
Is 5375468939 a composite number?
False
Is 195493231 prime?
False
Is 174971252429 prime?
True
Is 41320150147 a prime number?
True
I